{"id":5889,"date":"2026-04-10T17:37:50","date_gmt":"2026-04-10T20:37:50","guid":{"rendered":"https:\/\/adrianaalmeidamoda.com.br\/?post_type=product&#038;p=5889"},"modified":"2026-04-10T17:43:45","modified_gmt":"2026-04-10T20:43:45","slug":"blusao-3","status":"publish","type":"product","link":"https:\/\/adrianaalmeidamoda.com.br\/index.php\/produto\/blusao-3\/","title":{"rendered":"BLUS\u00c3O"},"content":{"rendered":"<p style=\"text-align: center;\">BLUS\u00c3O BARRA ARREDONDADA CONFECCIONADO MALHA FLUIT!OBS: N\u00c3O ACOMPANHA A CAL\u00c7A.<\/p>\n<p>&nbsp;<\/p>\n<p>&nbsp;<\/p>\n<p>P veste 38\/40<\/p>\n<p>M veste 42\/44<\/p>\n<p>G veste 46\/48<\/p>\n<p>GG veste 50\/52<\/p>\n<p>&nbsp;<\/p>\n","protected":false},"excerpt":{"rendered":"<p>BLUS\u00c3O BARRA ARREDONDADA CONFECCIONADO MALHA FLUIT!OBS: N\u00c3O ACOMPANHA A CAL\u00c7A. &nbsp; &nbsp; P veste 38\/40 M veste 42\/44 G veste 46\/48 GG veste 50\/52 &nbsp;<\/p>\n","protected":false},"featured_media":5894,"template":"","meta":[],"product_brand":[],"product_cat":[153,70],"product_tag":[],"class_list":{"0":"post-5889","1":"product","2":"type-product","3":"status-publish","4":"has-post-thumbnail","6":"product_cat-blusao","7":"product_cat-moda-fitness","9":"first","10":"instock","11":"shipping-taxable","12":"purchasable","13":"product-type-variable"},"jetpack_sharing_enabled":true,"_links":{"self":[{"href":"https:\/\/adrianaalmeidamoda.com.br\/index.php\/wp-json\/wp\/v2\/product\/5889","targetHints":{"allow":["GET"]}}],"collection":[{"href":"https:\/\/adrianaalmeidamoda.com.br\/index.php\/wp-json\/wp\/v2\/product"}],"about":[{"href":"https:\/\/adrianaalmeidamoda.com.br\/index.php\/wp-json\/wp\/v2\/types\/product"}],"wp:featuredmedia":[{"embeddable":true,"href":"https:\/\/adrianaalmeidamoda.com.br\/index.php\/wp-json\/wp\/v2\/media\/5894"}],"wp:attachment":[{"href":"https:\/\/adrianaalmeidamoda.com.br\/index.php\/wp-json\/wp\/v2\/media?parent=5889"}],"wp:term":[{"taxonomy":"product_brand","embeddable":true,"href":"https:\/\/adrianaalmeidamoda.com.br\/index.php\/wp-json\/wp\/v2\/product_brand?post=5889"},{"taxonomy":"product_cat","embeddable":true,"href":"https:\/\/adrianaalmeidamoda.com.br\/index.php\/wp-json\/wp\/v2\/product_cat?post=5889"},{"taxonomy":"product_tag","embeddable":true,"href":"https:\/\/adrianaalmeidamoda.com.br\/index.php\/wp-json\/wp\/v2\/product_tag?post=5889"}],"curies":[{"name":"wp","href":"https:\/\/api.w.org\/{rel}","templated":true}]}}